{"id":333,"date":"2022-03-25T15:09:16","date_gmt":"2022-03-25T15:09:16","guid":{"rendered":"https:\/\/blecherne-saitn.de\/wpbs\/?page_id=333"},"modified":"2022-05-22T12:09:35","modified_gmt":"2022-05-22T12:09:35","slug":"videos","status":"publish","type":"page","link":"https:\/\/blecherne-saitn.de\/?page_id=333","title":{"rendered":"Video&#8217;s"},"content":{"rendered":"\n<figure class=\"wp-block-embed is-type-video is-provider-youtube wp-block-embed-youtube wp-embed-aspect-16-9 wp-has-aspect-ratio\"><div class=\"wp-block-embed__wrapper\">\n<iframe loading=\"lazy\" title=\"Blecherne Sait&#039;n | High Society | Brettl-Spitzen IX | BR Heimat - Die beste Volksmusik\" width=\"584\" height=\"329\" src=\"https:\/\/www.youtube.com\/embed\/US7LdEXYPHY?feature=oembed\" frameborder=\"0\" allow=\"accelerometer; autoplay; clipboard-write; encrypted-media; gyroscope; picture-in-picture; web-share\" referrerpolicy=\"strict-origin-when-cross-origin\" allowfullscreen><\/iframe>\n<\/div><\/figure>\n\n\n\n<figure class=\"wp-block-embed is-type-video is-provider-youtube wp-block-embed-youtube wp-embed-aspect-16-9 wp-has-aspect-ratio\"><div class=\"wp-block-embed__wrapper\">\n<iframe loading=\"lazy\" title=\"Blecherne Sait&#039;n: Niad vo Dummsdorf | Brettl-Spitzen IX | BR Heimat - Die beste Volksmusik\" width=\"584\" height=\"329\" src=\"https:\/\/www.youtube.com\/embed\/X6fpaykwMQM?feature=oembed\" frameborder=\"0\" allow=\"accelerometer; autoplay; clipboard-write; encrypted-media; gyroscope; picture-in-picture; web-share\" referrerpolicy=\"strict-origin-when-cross-origin\" allowfullscreen><\/iframe>\n<\/div><\/figure>\n\n\n\n<figure class=\"wp-block-embed is-type-video is-provider-youtube wp-block-embed-youtube wp-embed-aspect-16-9 wp-has-aspect-ratio\"><div class=\"wp-block-embed__wrapper\">\nhttps:\/\/www.youtube.com\/watch?v=0lZM95EIqWM\n<\/div><\/figure>\n\n\n\n<figure class=\"wp-block-embed is-type-video is-provider-youtube wp-block-embed-youtube wp-embed-aspect-16-9 wp-has-aspect-ratio\"><div class=\"wp-block-embed__wrapper\">\nhttps:\/\/www.youtube.com\/watch?v=Y2pdKb7242w\n<\/div><\/figure>\n\n\n\n<figure class=\"wp-block-embed is-type-video is-provider-youtube wp-block-embed-youtube wp-embed-aspect-16-9 wp-has-aspect-ratio\"><div class=\"wp-block-embed__wrapper\">\nhttps:\/\/www.youtube.com\/watch?v=Nl30r3ml0yI\n<\/div><\/figure>\n\n\n\n<p><\/p>\n\n\n\n<p><\/p>\n\n\n\n<p class=\"has-medium-font-size\"><strong>Weitere Videos finden Sie z.B. unter<\/strong><\/p>\n\n\n\n<p><strong>Oberpfalz TV (OTV):<\/strong>  Suchbegriff Blecherne Sait&#8217;n, u.a.<br><a href=\"https:\/\/www.otv.de\/mediathek\/video\/oberpfaelzer-musikanten-mit-den-blecherne-saitn\/\">https:\/\/www.otv.de\/mediathek\/video\/oberpfaelzer-musikanten-mit-den-blecherne-saitn\/<\/a><\/p>\n\n\n\n<p><strong>Niederbayern TV:<\/strong> Late Night Show vom 24.10.2019<br><a href=\"https:\/\/deggendorf.niederbayerntv.de\/mediathek\/video\/boarische-late-night-show-vom-do-24-10-2019\/\">https:\/\/deggendorf.niederbayerntv.de\/mediathek\/video\/boarische-late-night-show-vom-do-24-10-2019\/<\/a><\/p>\n\n\n\n<p class=\"has-medium-font-size\"><strong>H\u00f6rbeispiele siehe auch Rubrik <a href=\"https:\/\/blecherne-saitn.de\/?page_id=64\" data-type=\"page\" data-id=\"64\">CD&#8217;s<\/a>. <\/strong><\/p>\n\n\n\n<p class=\"has-medium-font-size\"><strong>Viel Spa\u00df beim St\u00f6bern!<\/strong><\/p>\n\n\n\n<p><\/p>\n\n\n\n<p><\/p>\n","protected":false},"excerpt":{"rendered":"<p>Weitere Videos finden Sie z.B. unter Oberpfalz TV (OTV): Suchbegriff Blecherne Sait&#8217;n, u.a.https:\/\/www.otv.de\/mediathek\/video\/oberpfaelzer-musikanten-mit-den-blecherne-saitn\/ Niederbayern TV: Late Night Show vom 24.10.2019https:\/\/deggendorf.niederbayerntv.de\/mediathek\/video\/boarische-late-night-show-vom-do-24-10-2019\/ H\u00f6rbeispiele siehe auch Rubrik CD&#8217;s. Viel Spa\u00df beim St\u00f6bern!<\/p>\n","protected":false},"author":1,"featured_media":0,"parent":0,"menu_order":0,"comment_status":"closed","ping_status":"closed","template":"","meta":{"extendify_custom_stylesheet":"","footnotes":""},"class_list":["post-333","page","type-page","status-publish","hentry"],"_links":{"self":[{"href":"https:\/\/blecherne-saitn.de\/index.php?rest_route=\/wp\/v2\/pages\/333","targetHints":{"allow":["GET"]}}],"collection":[{"href":"https:\/\/blecherne-saitn.de\/index.php?rest_route=\/wp\/v2\/pages"}],"about":[{"href":"https:\/\/blecherne-saitn.de\/index.php?rest_route=\/wp\/v2\/types\/page"}],"author":[{"embeddable":true,"href":"https:\/\/blecherne-saitn.de\/index.php?rest_route=\/wp\/v2\/users\/1"}],"replies":[{"embeddable":true,"href":"https:\/\/blecherne-saitn.de\/index.php?rest_route=%2Fwp%2Fv2%2Fcomments&post=333"}],"version-history":[{"count":1,"href":"https:\/\/blecherne-saitn.de\/index.php?rest_route=\/wp\/v2\/pages\/333\/revisions"}],"predecessor-version":[{"id":539,"href":"https:\/\/blecherne-saitn.de\/index.php?rest_route=\/wp\/v2\/pages\/333\/revisions\/539"}],"wp:attachment":[{"href":"https:\/\/blecherne-saitn.de\/index.php?rest_route=%2Fwp%2Fv2%2Fmedia&parent=333"}],"curies":[{"name":"wp","href":"https:\/\/api.w.org\/{rel}","templated":true}]}}