{"id":29,"date":"2022-01-25T15:06:25","date_gmt":"2022-01-25T15:06:25","guid":{"rendered":"https:\/\/blecherne-saitn.de\/wpbs\/?page_id=29"},"modified":"2022-05-24T10:39:40","modified_gmt":"2022-05-24T10:39:40","slug":"home","status":"publish","type":"page","link":"https:\/\/blecherne-saitn.de\/","title":{"rendered":"home"},"content":{"rendered":"<div id=\"metaslider-id-500\" style=\"width: 100%; margin: 0 auto;\" class=\"ml-slider-3-27-5 metaslider metaslider-flex metaslider-500 ml-slider ml-slider-lightbox-1-12-0 lightbox-disabled\">\n    <div id=\"metaslider_container_500\">\n        <div id=\"metaslider_500\">\n            <ul aria-live=\"polite\" class=\"slides\">\n                <li style=\"display: block; width: 100%;\" class=\"slide-505 ms-image\"><img loading=\"lazy\" decoding=\"async\" src=\"https:\/\/blecherne-saitn.de\/wp-content\/uploads\/2022\/05\/Blecherne-SAITN-996x676.jpg\" height=\"950\" width=\"1400\" alt=\"\" class=\"slider-500 slide-505\" title=\"Blecherne SAITN\" \/><\/li>\n                <li style=\"display: none; width: 100%;\" class=\"slide-506 ms-image\"><img loading=\"lazy\" decoding=\"async\" src=\"https:\/\/blecherne-saitn.de\/wp-content\/uploads\/2022\/05\/Nacktdschneck-bearbeitet-Ingrid-020918-scaled-1400x950.jpg\" height=\"950\" width=\"1400\" alt=\"\" class=\"slider-500 slide-506\" title=\"Nacktdschneck-bearbeitet-Ingrid-020918\" \/><\/li>\n                <li style=\"display: none; width: 100%;\" class=\"slide-507 ms-image\"><img loading=\"lazy\" decoding=\"async\" src=\"https:\/\/blecherne-saitn.de\/wp-content\/uploads\/2022\/05\/Gericke-Gesichter-2-1400x950.jpg\" height=\"950\" width=\"1400\" alt=\"\" class=\"slider-500 slide-507\" title=\"Gericke-Gesichter (2)\" \/><\/li>\n                <li style=\"display: none; width: 100%;\" class=\"slide-508 ms-image\"><img loading=\"lazy\" decoding=\"async\" src=\"https:\/\/blecherne-saitn.de\/wp-content\/uploads\/2022\/05\/IMG_1966-scaled-1400x950.jpg\" height=\"950\" width=\"1400\" alt=\"\" class=\"slider-500 slide-508\" title=\"IMG_1966\" \/><\/li>\n            <\/ul>\n        <\/div>\n        \n    <\/div>\n<\/div>\n\n\n\n<p class=\"has-text-align-center\" style=\"font-size:16px\"><strong>Grandiose Unterhaltung von moderner Volksmusik bis Swing mit Zither, Tuba und Gitarre!<\/strong><\/p>\n\n\n\n<p class=\"has-text-align-center has-medium-font-size\"><em style=\"font-weight: bold;\">Herzlich Willkommen!<\/em><\/p>\n\n\n\n<p class=\"blocksatz\" style=\"font-size:16px\">Moderne und anspruchsvolle Zithermusik und Louis Armstrong Imitation sowie selbstgestrickte witzige Couplets\/ Lieder in oberpf\u00e4lzer- bayerischer Mundart. Eine einzigartige Kombination von butterweichen T\u00f6nen aus der Tuba mit zarten Zither- und Gitarrenkl\u00e4ngen. <\/p>\n\n\n\n<p class=\"blocksatz\" style=\"font-size:16px\">Ausgezeichnet mit dem &#8222;Kulturpreis des Bezirks Oberpfalz&#8220; (Bayern), dem Ehrenpreis &#8222;Zwieseler Fink&#8220; und dem &#8222;Heimat- und Kulturpreis&#8220; der Stadt Schnaittenbach.<br><\/p>\n\n\n\n<p class=\"has-text-align-center has-medium-font-size\"><strong><em> <\/em><\/strong><\/p>\n","protected":false},"excerpt":{"rendered":"<p>Grandiose Unterhaltung von moderner Volksmusik bis Swing mit Zither, Tuba und Gitarre! Herzlich Willkommen! Moderne und anspruchsvolle Zithermusik und Louis Armstrong Imitation sowie selbstgestrickte witzige Couplets\/ Lieder in oberpf\u00e4lzer- bayerischer Mundart. Eine einzigartige Kombination von butterweichen T\u00f6nen aus der Tuba &hellip; <a href=\"https:\/\/blecherne-saitn.de\/\">Weiterlesen <span class=\"meta-nav\">&rarr;<\/span><\/a><\/p>\n","protected":false},"author":1,"featured_media":0,"parent":0,"menu_order":1,"comment_status":"closed","ping_status":"closed","template":"","meta":{"extendify_custom_stylesheet":"","footnotes":""},"class_list":["post-29","page","type-page","status-publish","hentry"],"_links":{"self":[{"href":"https:\/\/blecherne-saitn.de\/index.php?rest_route=\/wp\/v2\/pages\/29","targetHints":{"allow":["GET"]}}],"collection":[{"href":"https:\/\/blecherne-saitn.de\/index.php?rest_route=\/wp\/v2\/pages"}],"about":[{"href":"https:\/\/blecherne-saitn.de\/index.php?rest_route=\/wp\/v2\/types\/page"}],"author":[{"embeddable":true,"href":"https:\/\/blecherne-saitn.de\/index.php?rest_route=\/wp\/v2\/users\/1"}],"replies":[{"embeddable":true,"href":"https:\/\/blecherne-saitn.de\/index.php?rest_route=%2Fwp%2Fv2%2Fcomments&post=29"}],"version-history":[{"count":5,"href":"https:\/\/blecherne-saitn.de\/index.php?rest_route=\/wp\/v2\/pages\/29\/revisions"}],"predecessor-version":[{"id":663,"href":"https:\/\/blecherne-saitn.de\/index.php?rest_route=\/wp\/v2\/pages\/29\/revisions\/663"}],"wp:attachment":[{"href":"https:\/\/blecherne-saitn.de\/index.php?rest_route=%2Fwp%2Fv2%2Fmedia&parent=29"}],"curies":[{"name":"wp","href":"https:\/\/api.w.org\/{rel}","templated":true}]}}