{"id":14,"date":"2022-01-25T15:01:49","date_gmt":"2022-01-25T15:01:49","guid":{"rendered":"https:\/\/blecherne-saitn.de\/wpbs\/?page_id=14"},"modified":"2022-05-24T10:24:36","modified_gmt":"2022-05-24T10:24:36","slug":"ueber-uns","status":"publish","type":"page","link":"https:\/\/blecherne-saitn.de\/?page_id=14","title":{"rendered":"\u00dcber uns"},"content":{"rendered":"\n<figure class=\"wp-block-image size-large\"><img loading=\"lazy\" decoding=\"async\" width=\"1024\" height=\"1024\" src=\"https:\/\/blecherne-saitn.de\/wp-content\/uploads\/2022\/05\/BS-gross-bearb-Media-9-1024x1024.jpg\" alt=\"\" class=\"wp-image-560\" srcset=\"https:\/\/blecherne-saitn.de\/wp-content\/uploads\/2022\/05\/BS-gross-bearb-Media-9-1024x1024.jpg 1024w, https:\/\/blecherne-saitn.de\/wp-content\/uploads\/2022\/05\/BS-gross-bearb-Media-9-300x300.jpg 300w, https:\/\/blecherne-saitn.de\/wp-content\/uploads\/2022\/05\/BS-gross-bearb-Media-9-150x150.jpg 150w, https:\/\/blecherne-saitn.de\/wp-content\/uploads\/2022\/05\/BS-gross-bearb-Media-9-768x767.jpg 768w, https:\/\/blecherne-saitn.de\/wp-content\/uploads\/2022\/05\/BS-gross-bearb-Media-9.jpg 1080w\" sizes=\"auto, (max-width: 1024px) 100vw, 1024px\" \/><\/figure>\n\n\n\n<h2 class=\"wp-block-heading\" style=\"font-size:24px\"><strong>Blecherne Sait\u00b4n<\/strong><\/h2>\n\n\n\n<p style=\"font-size:16px\">Hinter diesem Namen verbirgt sich seit 1996 die ungew\u00f6hnlichste Instrumentenkombination in der Volksmusikszene mit Blech (Tuba) und Saiten (Zither, Gitarre) aus dem Landkreis Amberg- Sulzbach in Nord-Bayern, die 2019 den Kulturpreis des Bezirks Oberpfalz (Bayern) f\u00fcr hohes musikalisches Niveau und au\u00dfergew\u00f6hnliche Stimmen erhielt.<\/p>\n\n\n\n<p style=\"font-size:16px\"><strong>Franz Gericke <\/strong>entlockt seiner m\u00e4chtigen Tuba butterweiche Kl\u00e4nge und dr\u00e4ngt die Zither seiner Ehefrau <strong>Ingrid<\/strong> und die Gitarre von <strong>Sepp Donhauser<\/strong> nie in den Hintergrund. Sie k\u00f6nnen bodenst\u00e4ndige bayrische Volksmusik ebenso wie Swing, Ragtime und &#8222;selber gestrickte&#8220; Couplets, die in lustiger Weise das Oberpf\u00e4lzer Leben aufs Korn nehmen. Das ganz besondere aber kann nur Franz Gericke: Er ist Louis Armstrong. Mit der bekannt rauen Stimme von Satchmo erweckt er dessen Hits zu neuem Leben.<\/p>\n\n\n\n<p style=\"font-size:16px\">&#8222;<strong>Zither meets Louis Armstrong&#8220; Musikkabarett<\/strong><br>Zusammen mit dem Mundartdichter Stefan Thumann, Neumarkt gestalten die Blechernen Sait&#8217;n einen unterhaltsamen Abend mit viel Humor und Gesang. (siehe Presse)<\/p>\n\n\n\n<p style=\"font-size:16px\">Bekannt sind sie aus Funk und Fernsehen, u.a. Brettl-Spitzen (Bayerisches Fernsehen, Oberpfalz TV, M\u00fcnchen TV) und Radiosender wie BR Heimat. <br>Durch Konzerttourneen in USA, Russland, Schottland und Tschechien ist die Formation auch \u00fcberregional bekannt. <\/p>\n\n\n\n<hr class=\"wp-block-separator\"\/>\n\n\n\n<div class=\"wp-block-columns is-layout-flex wp-container-core-columns-is-layout-9d6595d7 wp-block-columns-is-layout-flex\">\n<div class=\"wp-block-column is-layout-flow wp-block-column-is-layout-flow\">\n<figure class=\"wp-block-image size-large\"><img loading=\"lazy\" decoding=\"async\" width=\"1024\" height=\"683\" src=\"https:\/\/blecherne-saitn.de\/wp-content\/uploads\/2022\/05\/IMGP0374-lr-1024x683.jpg\" alt=\"\" class=\"wp-image-562\" srcset=\"https:\/\/blecherne-saitn.de\/wp-content\/uploads\/2022\/05\/IMGP0374-lr-1024x683.jpg 1024w, https:\/\/blecherne-saitn.de\/wp-content\/uploads\/2022\/05\/IMGP0374-lr-300x200.jpg 300w, https:\/\/blecherne-saitn.de\/wp-content\/uploads\/2022\/05\/IMGP0374-lr-768x512.jpg 768w, https:\/\/blecherne-saitn.de\/wp-content\/uploads\/2022\/05\/IMGP0374-lr-1536x1024.jpg 1536w, https:\/\/blecherne-saitn.de\/wp-content\/uploads\/2022\/05\/IMGP0374-lr-2048x1365.jpg 2048w, https:\/\/blecherne-saitn.de\/wp-content\/uploads\/2022\/05\/IMGP0374-lr-450x300.jpg 450w\" sizes=\"auto, (max-width: 1024px) 100vw, 1024px\" \/><figcaption><strong>Ingrid:<\/strong> <br>Zither, Harfe, Gesang<\/figcaption><\/figure>\n\n\n\n<p style=\"font-size:16px\"><strong>Ingrid Gericke:<\/strong> <br>(Zither, Harfe, Gesang)<br>geb. in Amberg         staatl. anerkannte Zitherlehrkraft  und Dirigentin des Zitherklubs Amberg 1893<br>(siehe auch: <a href=\"http:\/\/www.zitherklub-amberg.de\" data-type=\"URL\" data-id=\"www.zitherklub-amberg.de\">www.zitherklub-amberg.de<\/a>)<\/p>\n<\/div>\n\n\n\n<div class=\"wp-block-column is-layout-flow wp-block-column-is-layout-flow\">\n<figure class=\"wp-block-image size-large\"><img loading=\"lazy\" decoding=\"async\" width=\"1024\" height=\"683\" src=\"https:\/\/blecherne-saitn.de\/wp-content\/uploads\/2022\/05\/IMGP0376-lr-1024x683.jpg\" alt=\"\" class=\"wp-image-563\" srcset=\"https:\/\/blecherne-saitn.de\/wp-content\/uploads\/2022\/05\/IMGP0376-lr-1024x683.jpg 1024w, https:\/\/blecherne-saitn.de\/wp-content\/uploads\/2022\/05\/IMGP0376-lr-300x200.jpg 300w, https:\/\/blecherne-saitn.de\/wp-content\/uploads\/2022\/05\/IMGP0376-lr-768x512.jpg 768w, https:\/\/blecherne-saitn.de\/wp-content\/uploads\/2022\/05\/IMGP0376-lr-1536x1024.jpg 1536w, https:\/\/blecherne-saitn.de\/wp-content\/uploads\/2022\/05\/IMGP0376-lr-2048x1365.jpg 2048w, https:\/\/blecherne-saitn.de\/wp-content\/uploads\/2022\/05\/IMGP0376-lr-450x300.jpg 450w\" sizes=\"auto, (max-width: 1024px) 100vw, 1024px\" \/><figcaption><strong>Franz<\/strong>: <br>Tuba, Gesang<\/figcaption><\/figure>\n\n\n\n<p style=\"font-size:16px\"><strong>Franz Gericke:<\/strong> <br>(Tuba, Louis Armstrong Imitation, Jodeln, Gesang)<br>geb. in Schnaittenbach, Lkr. Amberg- Sulzbach<br><strong>RTL:<\/strong> Soundmixshow als Louis Armstrong mit Linda de Mol<br><strong>SAT1:<\/strong> Gong- Show als Louis Armstrong<br>Mitglied bei der Hammerbachtaler Blousn<\/p>\n<\/div>\n\n\n\n<div class=\"wp-block-column is-layout-flow wp-block-column-is-layout-flow\">\n<figure class=\"wp-block-image size-large\"><img loading=\"lazy\" decoding=\"async\" width=\"1024\" height=\"683\" src=\"https:\/\/blecherne-saitn.de\/wp-content\/uploads\/2022\/05\/IMGP0375-lr-1024x683.jpg\" alt=\"\" class=\"wp-image-564\" srcset=\"https:\/\/blecherne-saitn.de\/wp-content\/uploads\/2022\/05\/IMGP0375-lr-1024x683.jpg 1024w, https:\/\/blecherne-saitn.de\/wp-content\/uploads\/2022\/05\/IMGP0375-lr-300x200.jpg 300w, https:\/\/blecherne-saitn.de\/wp-content\/uploads\/2022\/05\/IMGP0375-lr-768x512.jpg 768w, https:\/\/blecherne-saitn.de\/wp-content\/uploads\/2022\/05\/IMGP0375-lr-1536x1024.jpg 1536w, https:\/\/blecherne-saitn.de\/wp-content\/uploads\/2022\/05\/IMGP0375-lr-2048x1365.jpg 2048w, https:\/\/blecherne-saitn.de\/wp-content\/uploads\/2022\/05\/IMGP0375-lr-450x300.jpg 450w\" sizes=\"auto, (max-width: 1024px) 100vw, 1024px\" \/><figcaption><strong>Sepp<\/strong>: <br>Gitarre, Gesang<\/figcaption><\/figure>\n\n\n\n<p style=\"font-size:16px\"><strong>Josef Donhauser: <\/strong><br>(Gitarre, Gesang)<br>Sepp, geb. in Rosenberg, Lkr. Amberg-Sulzbach,  begleitet seit 2014 das Ehepaar. Seit \u00fcber 40 Jahren Gitarrist u.a. in Cover- Bands wie den Holidays. <\/p>\n<\/div>\n<\/div>\n\n\n\n<p><br><\/p>\n","protected":false},"excerpt":{"rendered":"<p>Blecherne Sait\u00b4n Hinter diesem Namen verbirgt sich seit 1996 die ungew\u00f6hnlichste Instrumentenkombination in der Volksmusikszene mit Blech (Tuba) und Saiten (Zither, Gitarre) aus dem Landkreis Amberg- Sulzbach in Nord-Bayern, die 2019 den Kulturpreis des Bezirks Oberpfalz (Bayern) f\u00fcr hohes musikalisches &hellip; <a href=\"https:\/\/blecherne-saitn.de\/?page_id=14\">Weiterlesen <span class=\"meta-nav\">&rarr;<\/span><\/a><\/p>\n","protected":false},"author":1,"featured_media":0,"parent":0,"menu_order":0,"comment_status":"closed","ping_status":"closed","template":"","meta":{"extendify_custom_stylesheet":"","footnotes":""},"class_list":["post-14","page","type-page","status-publish","hentry"],"_links":{"self":[{"href":"https:\/\/blecherne-saitn.de\/index.php?rest_route=\/wp\/v2\/pages\/14","targetHints":{"allow":["GET"]}}],"collection":[{"href":"https:\/\/blecherne-saitn.de\/index.php?rest_route=\/wp\/v2\/pages"}],"about":[{"href":"https:\/\/blecherne-saitn.de\/index.php?rest_route=\/wp\/v2\/types\/page"}],"author":[{"embeddable":true,"href":"https:\/\/blecherne-saitn.de\/index.php?rest_route=\/wp\/v2\/users\/1"}],"replies":[{"embeddable":true,"href":"https:\/\/blecherne-saitn.de\/index.php?rest_route=%2Fwp%2Fv2%2Fcomments&post=14"}],"version-history":[{"count":7,"href":"https:\/\/blecherne-saitn.de\/index.php?rest_route=\/wp\/v2\/pages\/14\/revisions"}],"predecessor-version":[{"id":654,"href":"https:\/\/blecherne-saitn.de\/index.php?rest_route=\/wp\/v2\/pages\/14\/revisions\/654"}],"wp:attachment":[{"href":"https:\/\/blecherne-saitn.de\/index.php?rest_route=%2Fwp%2Fv2%2Fmedia&parent=14"}],"curies":[{"name":"wp","href":"https:\/\/api.w.org\/{rel}","templated":true}]}}

Über uns

<figure class="wp-block-image size-large"><img loading="lazy" decoding="async" width="1024" height="1024" src="https://blecherne-saitn.de/wp-content/uploads/2022/05/BS-gross-bearb-Media-9-1024x1024.jpg" alt="" class="wp-image-560" srcset="https://blecherne-saitn.de/wp-content/uploads/2022/05/BS-gross-bearb-Media-9-1024x1024.jpg 1024w, https://blecherne-saitn.de/wp-content/uploads/2022/05/BS-gross-bearb-Media-9-300x300.jpg 300w, https://blecherne-saitn.de/wp-content/uploads/2022/05/BS-gross-bearb-Media-9-150x150.jpg 150w, https://blecherne-saitn.de/wp-content/uploads/2022/05/BS-gross-bearb-Media-9-768x767.jpg 768w, https://blecherne-saitn.de/wp-content/uploads/2022/05/BS-gross-bearb-Media-9.jpg 1080w" sizes="auto, (max-width: 1024px) 100vw, 1024px" /></figure>



<h2 class="wp-block-heading" style="font-size:24px"><strong>Blecherne Sait´n</strong></h2>



<p style="font-size:16px">Hinter diesem Namen verbirgt sich seit 1996 die ungewöhnlichste Instrumentenkombination in der Volksmusikszene mit Blech (Tuba) und Saiten (Zither, Gitarre) aus dem Landkreis Amberg- Sulzbach in Nord-Bayern, die 2019 den Kulturpreis des Bezirks Oberpfalz (Bayern) für hohes musikalisches Niveau und außergewöhnliche Stimmen erhielt.</p>



<p style="font-size:16px"><strong>Franz Gericke </strong>entlockt seiner mächtigen Tuba butterweiche Klänge und drängt die Zither seiner Ehefrau <strong>Ingrid</strong> und die Gitarre von <strong>Sepp Donhauser</strong> nie in den Hintergrund. Sie können bodenständige bayrische Volksmusik ebenso wie Swing, Ragtime und &#8222;selber gestrickte&#8220; Couplets, die in lustiger Weise das Oberpfälzer Leben aufs Korn nehmen. Das ganz besondere aber kann nur Franz Gericke: Er ist Louis Armstrong. Mit der bekannt rauen Stimme von Satchmo erweckt er dessen Hits zu neuem Leben.</p>



<p style="font-size:16px">&#8222;<strong>Zither meets Louis Armstrong&#8220; Musikkabarett</strong><br>Zusammen mit dem Mundartdichter Stefan Thumann, Neumarkt gestalten die Blechernen Sait&#8217;n einen unterhaltsamen Abend mit viel Humor und Gesang. (siehe Presse)</p>



<p style="font-size:16px">Bekannt sind sie aus Funk und Fernsehen, u.a. Brettl-Spitzen (Bayerisches Fernsehen, Oberpfalz TV, München TV) und Radiosender wie BR Heimat. <br>Durch Konzerttourneen in USA, Russland, Schottland und Tschechien ist die Formation auch überregional bekannt. </p>



<hr class="wp-block-separator"/>



<div class="wp-block-columns is-layout-flex wp-container-core-columns-is-layout-9d6595d7 wp-block-columns-is-layout-flex">
<div class="wp-block-column is-layout-flow wp-block-column-is-layout-flow">
<figure class="wp-block-image size-large"><img loading="lazy" decoding="async" width="1024" height="683" src="https://blecherne-saitn.de/wp-content/uploads/2022/05/IMGP0374-lr-1024x683.jpg" alt="" class="wp-image-562" srcset="https://blecherne-saitn.de/wp-content/uploads/2022/05/IMGP0374-lr-1024x683.jpg 1024w, https://blecherne-saitn.de/wp-content/uploads/2022/05/IMGP0374-lr-300x200.jpg 300w, https://blecherne-saitn.de/wp-content/uploads/2022/05/IMGP0374-lr-768x512.jpg 768w, https://blecherne-saitn.de/wp-content/uploads/2022/05/IMGP0374-lr-1536x1024.jpg 1536w, https://blecherne-saitn.de/wp-content/uploads/2022/05/IMGP0374-lr-2048x1365.jpg 2048w, https://blecherne-saitn.de/wp-content/uploads/2022/05/IMGP0374-lr-450x300.jpg 450w" sizes="auto, (max-width: 1024px) 100vw, 1024px" /><figcaption><strong>Ingrid:</strong> <br>Zither, Harfe, Gesang</figcaption></figure>



<p style="font-size:16px"><strong>Ingrid Gericke:</strong> <br>(Zither, Harfe, Gesang)<br>geb. in Amberg         staatl. anerkannte Zitherlehrkraft  und Dirigentin des Zitherklubs Amberg 1893<br>(siehe auch: <a href="http://www.zitherklub-amberg.de" data-type="URL" data-id="www.zitherklub-amberg.de">www.zitherklub-amberg.de</a>)</p>
</div>



<div class="wp-block-column is-layout-flow wp-block-column-is-layout-flow">
<figure class="wp-block-image size-large"><img loading="lazy" decoding="async" width="1024" height="683" src="https://blecherne-saitn.de/wp-content/uploads/2022/05/IMGP0376-lr-1024x683.jpg" alt="" class="wp-image-563" srcset="https://blecherne-saitn.de/wp-content/uploads/2022/05/IMGP0376-lr-1024x683.jpg 1024w, https://blecherne-saitn.de/wp-content/uploads/2022/05/IMGP0376-lr-300x200.jpg 300w, https://blecherne-saitn.de/wp-content/uploads/2022/05/IMGP0376-lr-768x512.jpg 768w, https://blecherne-saitn.de/wp-content/uploads/2022/05/IMGP0376-lr-1536x1024.jpg 1536w, https://blecherne-saitn.de/wp-content/uploads/2022/05/IMGP0376-lr-2048x1365.jpg 2048w, https://blecherne-saitn.de/wp-content/uploads/2022/05/IMGP0376-lr-450x300.jpg 450w" sizes="auto, (max-width: 1024px) 100vw, 1024px" /><figcaption><strong>Franz</strong>: <br>Tuba, Gesang</figcaption></figure>



<p style="font-size:16px"><strong>Franz Gericke:</strong> <br>(Tuba, Louis Armstrong Imitation, Jodeln, Gesang)<br>geb. in Schnaittenbach, Lkr. Amberg- Sulzbach<br><strong>RTL:</strong> Soundmixshow als Louis Armstrong mit Linda de Mol<br><strong>SAT1:</strong> Gong- Show als Louis Armstrong<br>Mitglied bei der Hammerbachtaler Blousn</p>
</div>



<div class="wp-block-column is-layout-flow wp-block-column-is-layout-flow">
<figure class="wp-block-image size-large"><img loading="lazy" decoding="async" width="1024" height="683" src="https://blecherne-saitn.de/wp-content/uploads/2022/05/IMGP0375-lr-1024x683.jpg" alt="" class="wp-image-564" srcset="https://blecherne-saitn.de/wp-content/uploads/2022/05/IMGP0375-lr-1024x683.jpg 1024w, https://blecherne-saitn.de/wp-content/uploads/2022/05/IMGP0375-lr-300x200.jpg 300w, https://blecherne-saitn.de/wp-content/uploads/2022/05/IMGP0375-lr-768x512.jpg 768w, https://blecherne-saitn.de/wp-content/uploads/2022/05/IMGP0375-lr-1536x1024.jpg 1536w, https://blecherne-saitn.de/wp-content/uploads/2022/05/IMGP0375-lr-2048x1365.jpg 2048w, https://blecherne-saitn.de/wp-content/uploads/2022/05/IMGP0375-lr-450x300.jpg 450w" sizes="auto, (max-width: 1024px) 100vw, 1024px" /><figcaption><strong>Sepp</strong>: <br>Gitarre, Gesang</figcaption></figure>



<p style="font-size:16px"><strong>Josef Donhauser: </strong><br>(Gitarre, Gesang)<br>Sepp, geb. in Rosenberg, Lkr. Amberg-Sulzbach,  begleitet seit 2014 das Ehepaar. Seit über 40 Jahren Gitarrist u.a. in Cover- Bands wie den Holidays. </p>
</div>
</div>



<p><br></p>

<p>Blecherne Sait´n Hinter diesem Namen verbirgt sich seit 1996 die ungewöhnlichste Instrumentenkombination in der Volksmusikszene mit Blech (Tuba) und Saiten (Zither, Gitarre) aus dem Landkreis Amberg- Sulzbach in Nord-Bayern, die 2019 den Kulturpreis des Bezirks Oberpfalz (Bayern) für hohes musikalisches &hellip; <a href="https://blecherne-saitn.de/?page_id=14">Weiterlesen <span class="meta-nav">&rarr;</span></a></p>
